 What is t(p)?
-24
Suppose -5*x - 7 = 3. Let m be (3/(-2))/(x/(-8)). Let o(n) be the second derivative of -n**4/12 - 5*n**3/6 - n**2/2 + n. Calculate o(m).
-7
Let i be (-5)/(-6)*4*-3. Let z be (0 - 8)/(i/35). Let q = z + -26. Let u(m) = -4*m. Determine u(q).
-8
Let c(k) be the first derivative of -k**4/4 - 2*k**3 + 4*k + 1. Let m = 362 + -368. What is c(m)?
4
Let j(v) = 6*v + 57. Let m(c) = c + 8. Suppose -12 = 16*l - 10*l. Let h(k) = l*j(k) + 15*m(k). Calculate h(-5).
-9
Let v(j) be the second derivative of j**5/20 - j**4/2 + 5*j**3/6 - j**2/2 + 4*j. Let f(x) = -x - 14. Let z be f(-6). Let b = 13 + z. Calculate v(b).
-1
Let c(b) = -b + 10. Let q be c(7). Suppose -d = q*d. Let o(m) = -m + d*m - 1 - 5*m**2 + 6*m**2 - 6*m**3 - 2*m**2. Determine o(-1).
5
Let o = 3 + -3. Let i(a) = -15 + a - 2*a - a**2 + 4*a + 16. Let p(k) = 3*k**2 - 7*k - 3. Let y(u) = 5*i(u) + 2*p(u). Determine y(o).
-1
Let y(j) be the first derivative of j**4/24 + 11*j**2/2 + 16. Let r(m) be the second derivative of y(m). Determine r(5).
5
Let i(m) be the first derivative of m**3/3 - m**2/2 - 36*m + 334. Give i(-6).
6
Let h(s) be the third derivative of s**7/2520 - s**6/360 + s**5/120 - 7*s**4/6 - s**2 - 28*s. Let k(c) be the second derivative of h(c). Give k(3).
4
Let q(y) be the first derivative of -y**4/12 - 2*y**3/3 + 29*y**2/2 - 22. Let t(b) be the second derivative of q(b). Determine t(-3).
2
Suppose -c = -2*c + 2. Let u(x) = -x**3 + 22*x**2 - 5*x - 25*x**c - 3*x + 1 + 5*x. Give u(-3).
10
Let h(w) = -40*w - 151. Let x be h(-4). Let i(r) = 3*r - 30. What is i(x)?
-3
Let o be 0 - (0 + (5 - 3)). Let s(k) be the first derivative of 0*k + 3/2*k**2 + 1/4*k**4 - 1 + 2*k**3. Determine s(o).
10
Let n(c) = c**2 + c - 8. Suppose 5*v + 3*g - 17 = 43, 5*v = 3*g + 60. Let p(r) = -v*r - 2 + 12 - 1 + 2 + r**2. Let y be p(11). What is n(y)?
-8
Let f(w) = 87851 - 87851 - w**3 - 4*w - 5*w**2. What is f(-4)?
0
Suppose 0 = -5*u + 4*u + 5. Let d(q) be the second derivative of q**5/20 - q**4/3 - 5*q**3/6 + 7*q**2/2 - 5*q - 22. Give d(u).
7
Let w(o) = -o**3 + 6*o**2 - 4*o - 2. Let b be (-12)/(-5)*(-10)/(-3). Let v(u) = u - 4. Let z be v(b). Give w(z).
14
Suppose -7*h = -0*h. Suppose -6*t + 5*t + 1 = h. Let d(c) be the third derivative of 3*c**6/40 - c**4/24 + c**2. Calculate d(t).
8
Let c be ((-8)/20)/((-2)/10). Let w(r) = c*r**2 - r**2 + r**2 + 4 - r - 3*r**2. What is w(-4)?
-8
Let b(j) be the third derivative of j**6/120 + j**5/12 - j**4/4 - 121*j**2. Determine b(-6).
0
Let g(p) = 11 + p + 4 - 14 - 2 - 3*p - 9*p**3 - p**2. Determine g(-1).
9
Let d(t) be the first derivative of -3*t**2/2 + 6*t + 124. Determine d(0).
6
Let r(m) be the first derivative of -3/2*m**2 + 0*m - 3/8*m**4 - 13 + 0*m**3. Let c(d) be the second derivative of r(d). Calculate c(2).
-18
Let c(u) be the second derivative of -7*u**4/12 - u**3/3 + u**2/2 - 2*u. Suppose 5*d - 26 = 2*f - 6*f, -2*f - 32 = -5*d. Let b be (d/42)/(2/14). Determine c(b).
-8
Let i = 7 - 10. Let u(h) = -h**2 - 3*h. Let x = 40 - 42. Let c(d) = 6*d**2 + 16*d - 2. Let a(b) = x*c(b) - 11*u(b). Determine a(i).
-8
Let h(w) = -w**3 + 3*w**2 + 6*w + 6. Suppose -25*t = -26*t + 5. Calculate h(t).
-14
Let h(j) be the third derivative of j**5/60 - j**4/12 - j**2 + 6. Calculate h(-2).
8
Let r(s) be the second derivative of -s**3/3 + 2*s**2 - s. Suppose 27 = 3*m + 3*j - 282, 0 = m + 2*j - 108. Let v = 103 - m. Calculate r(v).
-6
Let w(x) = x**2 - 5*x + 5. Suppose 0 = -b + 3*l + 11, -l - 15 = -b + 4*l. Suppose v - 3 = y + 1, y = -b*v + 26. Calculate w(v).
5
Let f(q) = 4 + 1290*q**2 + 11*q - 648*q**2 - 641*q**2. Calculate f(-9).
-14
Suppose 2*l - 5*i - 20 = 0, l - 3*l + 12 = -i. Suppose -3*f = -3*b, 4*f - 3*f - l*b = -4. Let n(w) = w. Give n(f).
1
Let n(m) = -m**3 + 27*m**2 - 12. Let f be n(27). Let i(c) = c**2 + 11*c - 7. Give i(f).
5
Let p(q) = q**2 + 8*q + 3. Let y(w) = 59*w**2 + 179*w + 1. Let c be y(-3). Calculate p(c).
-12
Let h(m) be the second derivative of 0*m**3 - 1/4*m**4 + 3/2*m**2 + 0 + 1/20*m**5 + 4*m. Let g = 18 - 15. Determine h(g).
3
Let w(i) = 9*i**2 + 12*i - 5. Let g = 59 + -66. Let d(n) = 5*n**2 + 6*n - 3. Let o(l) = g*d(l) + 4*w(l). Give o(-4).
-7
Suppose x - 22 = -10*x. Let d(m) = -4 + x*m**3 + 10 - 7*m**2 - m**3 - 4*m + 1. What is d(7)?
-21
Suppose 0 = -15*u - 2*u + 153. Suppose u*g + 40 = g. Let i(b) = 2*b - 4. Give i(g).
-14
Suppose 2*j - 230 = 5*l + 5*j, 96 = -2*l - 2*j. Let r = -43 - l. Let x(g) = 2*g + 6. Let i(z) = z - 1. Let f(h) = -3*i(h) + x(h). What is f(r)?
9
Suppose 0*f + 4*f = 2*n - 10, 4*n + f = -7. Let i be n/(-3) - (-4)/(-12). Suppose 0 = 2*q - 3*q - 1, i = 4*z + q - 23. Let m(d) = -2*d + 4. Give m(z).
-8
Let k = -44 - -68. Suppose -8 = 2*z, 0*a + 2*z + k = 4*a. Let d(j) be the second derivative of 2*j**3/3 - j**2 + 2*j. Calculate d(a).
14
Let y(c) = -c**2 - 4*c + 5. Let q be y(-4). Let o(w) = -w - 2 + q*w**2 - 1070*w**3 + 2 + 1071*w**3. Determine o(-5).
5
Let c(v) = -2*v - 2*v + v + 1 - v. Let d = -1 + 6. Suppose -5*n = -d, 8 = -4*r + n + 3*n. Give c(r).
5
Let l(t) = t + 1. Suppose 0 = 2*w + 1 + 9. Let z be (-2)/w + (-207)/(-45). Suppose 5*j = -5*d, 0 = 5*d - j + 1 + z. Calculate l(d).
0
Let i(g) be the first derivative of -g**3/3 + 3*g**2 - g - 2. Let t = 1797 - 1794. Determine i(t).
8
Suppose 4*a - 7*a = 4*a. Let h(m) = -2*m + 2. Calculate h(a).
2
Let i(p) = -6*p - 1. Let z be 2 + (-13 - -3)/(-10). What is i(z)?
-19
Let d(o) = 27*o - 4*o - 11*o - 7*o + o**2 - 8. Let j = -41 + 27. Let r be 6/21 + 88/j. Give d(r).
-2
Let i(w) = 13*w**2 + 1. Suppose 0 = -9*g - 0*g - 9. Calculate i(g).
14
Let m(a) = -a**2 + 3*a - 2. Let z(j) = -20*j - 373. Let d be z(-19). What is m(d)?
-30
Let i(c) be the second derivative of c**5/20 - 2*c**4/3 + 3*c**3/2 - 6*c**2 - 291*c. Give i(7).
2
Suppose 3*b = 3 - 6. Let q(c) = -c**3 - 3*c**2 + 6. Let n be q(-3). Let u(g) = -5*g**2 - n*g**2 + 1 + 10*g**2 + 11*g**3. Give u(b).
-11
Suppose -2 = 3*y - 14. Suppose n = -l + 1, y*n = n + l + 7. Let t(a) = -4 + 3 + a**n + 7 - 1 + a. What is t(0)?
5
Suppose -2*y = 5*w - 3*w + 24, 4*y = -3*w - 37. Let o = 1 - w. Suppose 4*v - o = -4*p, -2*v + 4*v - 10 = -p. Let i(h) = h**2 - 7*h + 3. Determine i(v).
3
Let w(l) = -l**2 + 7*l + 11. Suppose -5*k + 4*d = 43 + 4, -4*d + 36 = -4*k. Let j(f) = f**3 + 10*f**2 - 13*f - 14. Let t be j(k). Give w(t).
3
Let a(c) = -8*c**3 - c**2 - 9*c + 10. Let k be a(1). Let b(s) = s**3 + 8*s**2 - 6*s - 8. Determine b(k).
40
Let p(a) = 9*a**3 - 14*a**2 - 8*a + 1. Let f(b) = -7*b**3 + 13*b**2 + 9*b + 1. Let q(u) = 4*f(u) + 3*p(u). What is q(11)?
18
Let t be 2 - (-8)/(-40)*-5. Let p(a) be the second derivative of 4*a - 7/6*a**t + a**2 + 0 + 1/20*a**5 - 1/2*a**4. What is p(7)?
2
Let n(g) = 1 - g**3 + 2*g**2 + 2*g**2 - 7*g**2. What is n(-2)?
-3
Let c(j) = -j**2 + j - 9. Let f be c(0). Let z(o) = -o**2 - 8*o + 22. Give z(f).
13
Let z(w) be the second derivative of -w**5/20 + w**4/2 - w**3/3 - 7*w**2/2 - 4*w + 3. Determine z(5).
8
Let y(j) be the second derivative of j**5/20 - 2*j**4/3 + 11*j**3/6 + 6*j**2 + 51*j - 2. Determine y(6).
6
Let d(r) = -r**3 - 8*r**2 - 6*r + 3. Suppose 12 = o + 2*o. Suppose 0 = 3*b - o*b - 7. Calculate d(b).
-4
Let f(i) = -i. Let k be 3/((-1)/1) - (90 - 53). Let m = -41 - k. What is f(m)?
1
Let q(z) = -z**3 - 9*z**2 - 2. Let f be q(-9). Let v(s) be the second derivative of s**5/20 + s**4/3 + s**3/6 + 2*s - 375. Determine v(f).
6
Let b(x) = -41*x**2 - 9 + 40*x**2 + 7 + 3*x. What is b(5)?
-12
Let f(g) = -4*g + 3. Suppose 0 = -4*b + 7 + 1. Let o(i) = 21*i - 16. Let p(q) = b*o(q) + 11*f(q). Give p(3).
-5
Let y(g) be the second derivative of -g**5/20 + 5*g**4/4 - 7*g**3/3 - g**2/2 - 2*g + 18. Give y(14).
-1
Let d = -13 + 11. Let r = 5 + d. Let u(j) = 29 + 5*j - j - 30 - j**r - 2*j**2. Calculate u(-3).
-4
Let g(d) = -3*d + 5. Let m be (-3)/(-2)*8/6. Let q(v) = 4*v - 5. Let k(n) = m*q(n) + 3*g(n). What is k(8)?
-3
Let v(m) = -m + 9. Let n(z) = -29 - 28 + 82 - 26. Let q(a) = 4*n(a) + v(a). Give q(5).
0
Let u(r) = 6*r**2 - 7*r**2 + 0 + 8. Determine u(0).
8
Let q(o) = -5*o + 4*o**3 + 2 - 5*o**3 - 7*o**2 - 2*o. Let i be 80/(-12) + (24/9)/4. Calculate q(i).
8
Suppose 4*k - 94 = -4*q + 6, -5*k = -2*q + 50. Suppose -y + 21 = -3*h, -h = 4*h + q. Let s(c) = 2*c + 4. Calculate s(y).
16
Let u(x) = x**3 - 14*x**2 + x - 8. Let f(n) = -26